{"id":4852,"date":"2020-07-25T09:41:45","date_gmt":"2020-07-25T12:41:45","guid":{"rendered":"https:\/\/ewsistemasti.com.br\/loja\/?post_type=product&#038;p=4852"},"modified":"2024-03-07T17:39:49","modified_gmt":"2024-03-07T20:39:49","slug":"implementacao-ambiente-moodle","status":"publish","type":"product","link":"https:\/\/ewsistemasti.com.br\/loja\/produto\/implementacao-ambiente-moodle\/","title":{"rendered":"Implementa\u00e7\u00e3o Ambiente Moodle"},"content":{"rendered":"<p>O que \u00e9 o Moodle segundo o wikip\u00e9dia:<\/p>\n<p><b>MOODLE<\/b>\u00a0\u00e9 o\u00a0acr\u00f4nimo\u00a0de &#8220;<b>Modular Object-Oriented Dynamic Learning Environment<\/b>&#8220;, um\u00a0software livre, de apoio \u00e0\u00a0aprendizagem, executado num\u00a0ambiente virtual\u00a0(ver\u00a0ambiente virtual de aprendizagem). A express\u00e3o designa ainda o\u00a0<i>Learning Management System<\/i>\u00a0(Sistema de gest\u00e3o da aprendizagem) em trabalho colaborativo baseado nesse software ou plataforma, acess\u00edvel atrav\u00e9s da\u00a0Internet\u00a0ou de\u00a0rede local. Em linguagem coloquial, em\u00a0l\u00edngua inglesa\u00a0o\u00a0verbo\u00a0&#8220;<i>to moodle<\/i>&#8221; descreve o processo de navegar despretensiosamente por algo, enquanto se faz outras coisas ao mesmo tempo.<\/p>\n<p>Utilizado principalmente num contexto de\u00a0e-learning\u00a0ou\u00a0b-learning, o programa permite a cria\u00e7\u00e3o de cursos &#8220;<i>on-line<\/i>&#8220;, p\u00e1ginas de disciplinas, grupos de trabalho e comunidades de aprendizagem, estando dispon\u00edvel em 75 l\u00ednguas diferentes. Conta com 25.000 websites registrados, em mais de 175 pa\u00edses.<\/p>\n<p><strong>Todos os nossos servi\u00e7os, sistemas e cursos podem ser parcelados em at\u00e9 12 vezes, aceitamos todos os cart\u00f5es de cr\u00e9dito ou \u00e0 vista no d\u00e9bito. Tamb\u00e9m aceitamos transfer\u00eancia banc\u00e1ria online, somente para quem possui conta nos bancos do Brasil e Bradesco. O parcelamento pode ser realizado para todo o site. Inclusive para os itens que estiverem em promo\u00e7\u00e3o.<\/strong><\/p>\n<p><strong><span class=\"titulo cor-secundaria\">Formas de Pagamento:<\/span><\/strong><\/p>\n<p><img fetchpriority=\"high\" fetchpriority=\"high\" decoding=\"async\" class=\"n3VNCb alignnone\" src=\"https:\/\/1.bp.blogspot.com\/-OgfYbeqVrrs\/T9YJPOvu5uI\/AAAAAAAACno\/jg-6zRGn7Zs\/s1600\/pagamento.png\" alt=\"\" width=\"366\" height=\"137\" data-noaft=\"1\" \/><\/p>\n<p><strong>Todos os pagamentos realizados na Ew Sistemas TI s\u00e3o redirecionados e processados pelo PayPal ou PagSeguro, em ambiente de autentica\u00e7\u00e3o destas empresas. O n\u00famero de cart\u00e3o n\u00e3o \u00e9 armazenado em nossos servidores. Somente \u00e9 armazenado nome e e-mail para efeito de login e os dados: Endere\u00e7o e CPF\/CNPJ para emiss\u00e3o de NF-s. Sem estes dados n\u00e3o t\u00eam como logar e emitir documenta\u00e7\u00e3o fiscal. N\u00e3o repassamos para terceiros nenhum dados de nossos alunos e\/ou clientes.<\/strong><\/p>\n<p>N\u00e3o se preocupe esta compra \u00e9\u00a0<strong>100% garantida!<\/strong><\/p>\n<p><strong><span class=\"titulo cor-secundaria\">Selos de Seguran\u00e7a<\/span><\/strong><\/p>\n<p><img decoding=\"async\" class=\"alignnone size-full wp-image-6246\" src=\"https:\/\/ewsistemasti.com.br\/loja\/wp-content\/uploads\/2024\/03\/siteseguro.jpeg\" alt=\"\" width=\"287\" height=\"176\" \/><\/p>\n<p>Se por qualquer motivo voc\u00ea n\u00e3o gostar do nosso Sistema* e quiser seu dinheiro de volta, n\u00f3s faremos o reembolso sem questionar nada e sem ressentimentos.<\/p>\n<p>Essa garantia\u00a0<strong>\u00e9 v\u00e1lida por 7 (sete) dias<\/strong>\u00a0a contar da libera\u00e7\u00e3o do pagamento pela operadora do cart\u00e3o de cr\u00e9dito.<\/p>\n<p><img decoding=\"async\" class=\"alignnone size-medium wp-image-1020 aligncenter\" src=\"https:\/\/ewsistemasecursos.com.br\/ava\/wp-content\/uploads\/2019\/08\/Garantia-7-Dias-3-300x252.png\" sizes=\"(max-width: 300px) 100vw, 300px\" srcset=\"https:\/\/ewsistemasecursos.com.br\/ava\/wp-content\/uploads\/2019\/08\/Garantia-7-Dias-3-300x252.png 300w, https:\/\/ewsistemasecursos.com.br\/ava\/wp-content\/uploads\/2019\/08\/Garantia-7-Dias-3-600x503.png 600w, https:\/\/ewsistemasecursos.com.br\/ava\/wp-content\/uploads\/2019\/08\/Garantia-7-Dias-3.png 640w\" alt=\"\" width=\"300\" height=\"252\" \/><\/p>\n<p>Ew Sistemas TI.<\/p>\n","protected":false},"excerpt":{"rendered":"<p><strong>Implementa\u00e7\u00e3o Ambiente Moodle<\/strong><\/p>\n<p>Implementamos o moodle no ambiente do cliente. O servi\u00e7o de implementa\u00e7\u00e3o compreende:<\/p>\n<ul>\n<li>Implementa\u00e7\u00e3o;<\/li>\n<li>Instala\u00e7\u00e3o;<\/li>\n<li>Customiza\u00e7\u00e3o;<\/li>\n<li>Atualiza\u00e7\u00e3o; e<\/li>\n<li>Suporte*.<\/li>\n<\/ul>\n<p>Temos servidores dispon\u00edveis para implanta\u00e7\u00e3o do ambiente moodle para escolas, faculdades (Institui\u00e7\u00f5es de Ensino Superior) entre outras. Tamb\u00e9m implementamos o ambiente moodle no servidor do cliente.<\/p>\n<p>Caso o cliente queira contratar a implementa\u00e7\u00e3o em nosso servidor, ter\u00e1 que contratar separado a hospedagem mensal para o moodle.<\/p>\n<p>*Suporte: Somente durante a implementa\u00e7\u00e3o do servi\u00e7o. Ap\u00f3s a entrega do mesmo, caso o cliente queira, ter\u00e1 que contratar novo contrato de Suporte. Veja servi\u00e7os de Suporte da Ew Sistemas TI <a href=\"https:\/\/ewsistemasti.com.br\/loja\/categoria-produto\/suporte\/\" target=\"_blank\" rel=\"noopener noreferrer\">aqui<\/a>.<\/p>\n<p>Ew Sistemas TI.<\/p>\n<p>&nbsp;<\/p>\n","protected":false},"featured_media":5086,"comment_status":"open","ping_status":"closed","template":"","meta":{"_et_pb_use_builder":"","_et_pb_old_content":"","_et_gb_content_width":"","_joinchat":[]},"product_brand":[],"product_cat":[185,152,26],"product_tag":[145,146,144,147],"class_list":{"0":"post-4852","1":"product","2":"type-product","3":"status-publish","4":"has-post-thumbnail","6":"product_cat-ew-sistemas-ti","7":"product_cat-portal","8":"product_cat-servicos","9":"product_tag-implementacao-moodle","10":"product_tag-instalacao-moodle","11":"product_tag-moodle","12":"product_tag-servicos-moodle","14":"first","15":"instock","16":"sale","17":"virtual","18":"sold-individually","19":"purchasable","20":"product-type-simple"},"_links":{"self":[{"href":"https:\/\/ewsistemasti.com.br\/loja\/wp-json\/wp\/v2\/product\/4852","targetHints":{"allow":["GET"]}}],"collection":[{"href":"https:\/\/ewsistemasti.com.br\/loja\/wp-json\/wp\/v2\/product"}],"about":[{"href":"https:\/\/ewsistemasti.com.br\/loja\/wp-json\/wp\/v2\/types\/product"}],"replies":[{"embeddable":true,"href":"https:\/\/ewsistemasti.com.br\/loja\/wp-json\/wp\/v2\/comments?post=4852"}],"wp:featuredmedia":[{"embeddable":true,"href":"https:\/\/ewsistemasti.com.br\/loja\/wp-json\/wp\/v2\/media\/5086"}],"wp:attachment":[{"href":"https:\/\/ewsistemasti.com.br\/loja\/wp-json\/wp\/v2\/media?parent=4852"}],"wp:term":[{"taxonomy":"product_brand","embeddable":true,"href":"https:\/\/ewsistemasti.com.br\/loja\/wp-json\/wp\/v2\/product_brand?post=4852"},{"taxonomy":"product_cat","embeddable":true,"href":"https:\/\/ewsistemasti.com.br\/loja\/wp-json\/wp\/v2\/product_cat?post=4852"},{"taxonomy":"product_tag","embeddable":true,"href":"https:\/\/ewsistemasti.com.br\/loja\/wp-json\/wp\/v2\/product_tag?post=4852"}],"curies":[{"name":"wp","href":"https:\/\/api.w.org\/{rel}","templated":true}]}}