{"id":6170,"date":"2021-12-13T08:42:36","date_gmt":"2021-12-13T11:42:36","guid":{"rendered":"https:\/\/ewsistemasti.com.br\/loja\/?post_type=product&#038;p=6170"},"modified":"2024-03-07T14:13:20","modified_gmt":"2024-03-07T17:13:20","slug":"sistema-desktop-gestao-empresarial","status":"publish","type":"product","link":"https:\/\/ewsistemasti.com.br\/loja\/produto\/sistema-desktop-gestao-empresarial\/","title":{"rendered":"Sistema Desktop Gest\u00e3o Empresarial"},"content":{"rendered":"<p><strong>Sistema Desktop Gest\u00e3o Empresarial<\/strong><\/p>\n<p>Primeiro, gostar\u00edamos de agradecer sua visita.<\/p>\n<p>Segundo, assista alguns v\u00eddeos disponibilizados para melhor entendimento e demonstra\u00e7\u00e3o do Sistema.<\/p>\n<p>Observa\u00e7\u00e3o: Os v\u00eddeos trata-se de outros Sistemas (com exce\u00e7\u00e3o do item 5 que \u00e9 o pr\u00f3prio sistema), mas os Sistemas s\u00e3o gen\u00e9ricos no conte\u00fado de entrega (pacote), no procedimento de instala\u00e7\u00e3o e atualiza\u00e7\u00e3o. Ou seja, todos tem o mesmo procedimento, contudo, cada sistema tem a sua documenta\u00e7\u00e3o distinta, instaladores diferenciados. Neste sentido, o Sistema de Gest\u00e3o Empresarial v1.0 ter\u00e1 a sua documenta\u00e7\u00e3o, instalador e atualiza\u00e7\u00e3o espec\u00edficos.<\/p>\n<p><strong>Links abaixo:<\/strong><\/p>\n<ol>\n<li><a href=\"https:\/\/youtu.be\/tYpROFPf-_I\">Acompanha a Instala\u00e7\u00e3o<\/a>\u00a0(Todos Sistemas);<\/li>\n<li><a href=\"https:\/\/youtu.be\/uguggcPpHRU\">Instala\u00e7\u00e3o do Sistema<\/a>\u00a0(Todos Sistemas);<\/li>\n<li><a href=\"https:\/\/youtu.be\/PeWKfyw7a5w\">Atualiza\u00e7\u00e3o do Sistema<\/a>\u00a0(Todos Sistemas);<\/li>\n<li><a href=\"https:\/\/youtu.be\/v1Vrwpf926Q\">Instala\u00e7\u00e3o do Sistema no Windows<\/a>\u00a010 (Todos Sistemas);<\/li>\n<li><a href=\"https:\/\/youtu.be\/1a4kIKBurCE\" target=\"_blank\" rel=\"noopener\">V\u00eddeo de Demonstra\u00e7\u00e3o do Sistema de Gest\u00e3o Empresarial<\/a>.<\/li>\n<\/ol>\n<p>Agora que voc\u00ea j\u00e1 assistiu aos v\u00eddeos vamos pontuar alguns detalhes importantes antes de voc\u00ea adquirir o Sistema de Gest\u00e3o Empresarial\u00a0v1.0.<\/p>\n<p><strong>PRINCIPAIS FUNCIONALIDADES:<\/strong><\/p>\n<ul>\n<li>Entrada e sa\u00edda de Produtos;<\/li>\n<li>Controle de Estoque;<\/li>\n<li>Contas a pagar;<\/li>\n<li>Vendas;<\/li>\n<li>Cadastro de Clientes;<\/li>\n<li>Cadastro de Fornecedores;<\/li>\n<li>Cadastro de Categoria de Produtos;<\/li>\n<li>Entrada de Produtos;<\/li>\n<li>Or\u00e7amentos;<\/li>\n<li>Ordem de Servi\u00e7os;<\/li>\n<li>Sistema com senha em tr\u00eas n\u00edveis;<\/li>\n<li>F\u00e1cil utiliza\u00e7\u00e3o com interface amig\u00e1vel;<\/li>\n<li>Atualiza\u00e7\u00e3o via internet (<em>liveUpdate<\/em>);<\/li>\n<li>Muito mais\u2026<\/li>\n<\/ul>\n<p><strong>DESCRI\u00c7\u00c3O DO SISTEMA<\/strong><\/p>\n<p><strong>O SISTEMA CONTEMPLA:<\/strong><\/p>\n<ul>\n<li>Instalador do sistema (liberado via\u00a0<em>download)<\/em>;<\/li>\n<li>Manual do usu\u00e1rio no formato pdf (liberado via\u00a0<em>download);<\/em><\/li>\n<li>Manual de Instala\u00e7\u00e3o e Atualiza\u00e7\u00e3o (liberado via\u00a0<em>download)<\/em>;<\/li>\n<li>Link do Formul\u00e1rio de Registro do Sistema\u00a0(liberado via\u00a0<em>download)<\/em>;<\/li>\n<li>V\u00eddeo demonstrativo de instala\u00e7\u00e3o disponibilizado aqui na plataforma;<\/li>\n<li>Uso personaliz\u00e1vel da logo marca de sua empresa;<\/li>\n<li>Relat\u00f3rios em tela e via impressora;<\/li>\n<li>Backup dentro do sistema;<\/li>\n<li>Tr\u00eas n\u00edveis de senha;\n<ul>\n<li>Opera\u00e7\u00e3o;<\/li>\n<li>Manuten\u00e7\u00e3o;<\/li>\n<li>Ger\u00eancia.<\/li>\n<\/ul>\n<\/li>\n<\/ul>\n<p><strong>LICEN\u00c7A:<\/strong><\/p>\n<p>Voc\u00ea est\u00e1 adquirindo 01 (uma) licen\u00e7a de uso do Sistema de Gest\u00e3o Empresarial. Essa licen\u00e7a \u00e9 de uso perp\u00e9tuo. Contudo, se quiser receber suporte e atualiza\u00e7\u00f5es, basta adquirir al\u00e9m do Sistema o suporte adicional, leia a seguir o pr\u00f3ximo t\u00f3pico e veja as modalidades existentes de suporte.<\/p>\n<p><strong>SUPORTE:<\/strong><\/p>\n<p>Temos\u00a0suporte\u00a0nas modalidades\u00a0mensal,\u00a0trimestral,\u00a0semestral\u00a0e\u00a0anual\u00a0com direito \u00e0 atualiza\u00e7\u00f5es + suporte via e-mail.<\/p>\n<p><strong>FUNCIONAMENTO:<\/strong><\/p>\n<p>Sistema Desktop para ambiente Windows XP, 7, 8, 8.1 e 10.<\/p>\n<p><strong>Todos os nossos servi\u00e7os, sistemas e cursos podem ser parcelados em at\u00e9 12 vezes, aceitamos todos os cart\u00f5es de cr\u00e9dito ou \u00e0 vista no d\u00e9bito. Tamb\u00e9m aceitamos transfer\u00eancia banc\u00e1ria online, somente para quem possui conta nos bancos do Brasil e Bradesco. O parcelamento pode ser realizado para todo o site. Inclusive para os itens que estiverem em promo\u00e7\u00e3o.<\/strong><\/p>\n<p><strong><span class=\"titulo cor-secundaria\">Formas de Pagamento:<\/span><\/strong><\/p>\n<p><img fetchpriority=\"high\" fetchpriority=\"high\" decoding=\"async\" class=\"n3VNCb alignnone\" src=\"https:\/\/1.bp.blogspot.com\/-OgfYbeqVrrs\/T9YJPOvu5uI\/AAAAAAAACno\/jg-6zRGn7Zs\/s1600\/pagamento.png\" alt=\"\" width=\"366\" height=\"137\" data-noaft=\"1\" \/><\/p>\n<p><strong>Todos os pagamentos realizados na Ew Sistemas TI s\u00e3o redirecionados e processados pelo PayPal ou PagSeguro, em ambiente de autentica\u00e7\u00e3o destas empresas. O n\u00famero de cart\u00e3o n\u00e3o \u00e9 armazenado em nossos servidores. Somente \u00e9 armazenado nome e e-mail para efeito de login e os dados: Endere\u00e7o e CPF\/CNPJ para emiss\u00e3o de NF-s. Sem estes dados n\u00e3o t\u00eam como logar e emitir documenta\u00e7\u00e3o fiscal. N\u00e3o repassamos para terceiros nenhum dados de nossos alunos e\/ou clientes.<\/strong><\/p>\n<p>N\u00e3o se preocupe esta compra \u00e9\u00a0<strong>100% garantida!<\/strong><\/p>\n<p><strong><span class=\"titulo cor-secundaria\">Selos de Seguran\u00e7a<\/span><\/strong><\/p>\n<p><img decoding=\"async\" class=\"alignnone size-full wp-image-6246\" src=\"https:\/\/ewsistemasti.com.br\/loja\/wp-content\/uploads\/2024\/03\/siteseguro.jpeg\" alt=\"\" width=\"287\" height=\"176\" \/><\/p>\n<p>Se por qualquer motivo voc\u00ea n\u00e3o gostar do nosso Sistema* e quiser seu dinheiro de volta, n\u00f3s faremos o reembolso sem questionar nada e sem ressentimentos.<\/p>\n<p>Essa garantia\u00a0<strong>\u00e9 v\u00e1lida por 7 (sete) dias<\/strong>\u00a0a contar da libera\u00e7\u00e3o do pagamento pela operadora do cart\u00e3o de cr\u00e9dito.<\/p>\n<p><img decoding=\"async\" class=\"alignnone size-medium wp-image-1020 aligncenter\" src=\"https:\/\/ewsistemasecursos.com.br\/ava\/wp-content\/uploads\/2019\/08\/Garantia-7-Dias-3-300x252.png\" sizes=\"(max-width: 300px) 100vw, 300px\" srcset=\"https:\/\/ewsistemasecursos.com.br\/ava\/wp-content\/uploads\/2019\/08\/Garantia-7-Dias-3-300x252.png 300w, https:\/\/ewsistemasecursos.com.br\/ava\/wp-content\/uploads\/2019\/08\/Garantia-7-Dias-3-600x503.png 600w, https:\/\/ewsistemasecursos.com.br\/ava\/wp-content\/uploads\/2019\/08\/Garantia-7-Dias-3.png 640w\" alt=\"\" width=\"300\" height=\"252\" \/><\/p>\n<p>Ew Sistemas TI.<\/p>\n","protected":false},"excerpt":{"rendered":"<ol>\n<li>O Sistema de Gest\u00e3o Empresarial v1.0 foi desenvolvido visando atender a pequena e m\u00e9dia empresa e\/ou comerciante em suas necessidades profissionais e comerciais;<\/li>\n<li>\u00c9 um Sistema bem simples e de f\u00e1cil entendimento. Utilizado para fins comerciais e ter a gest\u00e3o do neg\u00f3cio. Tamb\u00e9m contempla principalmente: controles dos produtos e estoques, entrada e sa\u00edda de mercadoria, caixas, ordem de servi\u00e7os, or\u00e7amentos, contas a pagar e receber etc.;<\/li>\n<li>Simplesmente \u00e9 comercializado para baixar, instalar e utilizar o mesmo ap\u00f3s a confirma\u00e7\u00e3o do pagamento;<\/li>\n<li>Assista os 5 (cinco) v\u00eddeos abaixo na descri\u00e7\u00e3o sobre o sistema;<\/li>\n<li>Leia a documenta\u00e7\u00e3o que acompanha o Sistema para instala\u00e7\u00e3o e atualiza\u00e7\u00e3o;<\/li>\n<li>Aprecie sem modera\u00e7\u00e3o.<\/li>\n<\/ol>\n","protected":false},"featured_media":6171,"comment_status":"open","ping_status":"closed","template":"","meta":{"_et_pb_use_builder":"","_et_pb_old_content":"","_et_gb_content_width":"","_joinchat":[]},"product_brand":[],"product_cat":[185,18],"product_tag":[201,202,197,199,196,200,194,195,198],"class_list":{"0":"post-6170","1":"product","2":"type-product","3":"status-publish","4":"has-post-thumbnail","6":"product_cat-ew-sistemas-ti","7":"product_cat-sistemas","8":"product_tag-contas-a-pagar","9":"product_tag-contas-a-receber","10":"product_tag-sistema-controle-de-estoque","11":"product_tag-sistema-de-vendas","12":"product_tag-sistema-desktop","13":"product_tag-sistema-entra-e-saida","14":"product_tag-sistema-gestao","15":"product_tag-sistema-gestao-empresarial","16":"product_tag-sistema-ordem-de-servico","18":"first","19":"instock","20":"sale","21":"downloadable","22":"virtual","23":"sold-individually","24":"purchasable","25":"product-type-simple"},"_links":{"self":[{"href":"https:\/\/ewsistemasti.com.br\/loja\/wp-json\/wp\/v2\/product\/6170","targetHints":{"allow":["GET"]}}],"collection":[{"href":"https:\/\/ewsistemasti.com.br\/loja\/wp-json\/wp\/v2\/product"}],"about":[{"href":"https:\/\/ewsistemasti.com.br\/loja\/wp-json\/wp\/v2\/types\/product"}],"replies":[{"embeddable":true,"href":"https:\/\/ewsistemasti.com.br\/loja\/wp-json\/wp\/v2\/comments?post=6170"}],"wp:featuredmedia":[{"embeddable":true,"href":"https:\/\/ewsistemasti.com.br\/loja\/wp-json\/wp\/v2\/media\/6171"}],"wp:attachment":[{"href":"https:\/\/ewsistemasti.com.br\/loja\/wp-json\/wp\/v2\/media?parent=6170"}],"wp:term":[{"taxonomy":"product_brand","embeddable":true,"href":"https:\/\/ewsistemasti.com.br\/loja\/wp-json\/wp\/v2\/product_brand?post=6170"},{"taxonomy":"product_cat","embeddable":true,"href":"https:\/\/ewsistemasti.com.br\/loja\/wp-json\/wp\/v2\/product_cat?post=6170"},{"taxonomy":"product_tag","embeddable":true,"href":"https:\/\/ewsistemasti.com.br\/loja\/wp-json\/wp\/v2\/product_tag?post=6170"}],"curies":[{"name":"wp","href":"https:\/\/api.w.org\/{rel}","templated":true}]}}